en y is divided by 11?
4
Suppose 39 = -0*r + 2*r - 3*n, 2*r + n - 35 = 0. Suppose -3 = -q + 3. Suppose -w + 4 + q = 0. What is the remainder when r is divided by w?
8
Suppose 0 = 4*t - 5*x - 20, 36 = 4*t - 5*x + 4*x. Calculate the remainder when 920/25 - (-2)/t is divided by 10.
7
Suppose 4*p + 8 = -4. Calculate the remainder when 30 is divided by p + (22 + 4 - 5).
12
Suppose r = 6*r - 1105. What is the remainder when r is divided by 75?
71
Suppose 4*l - 78 = l. Let r be (-16 - -16)/(-2 - 0). Suppose -5*p - 2*j + 55 = 0, -3*p + r = 3*j - 42. What is the remainder when l is divided by p?
8
Suppose -b = b. Suppose b = 2*m + 5*l - 0*l + 15, 0 = -3*l - 9. Suppose m = -0*j + 2*j - 48. What is the remainder when j is divided by 9?
6
Suppose -3*s = 6*k - 5*k - 111, 5*k = -3*s + 111. Calculate the remainder when 183 is divided by s.
35
Suppose 0*q + 2*q - 3*l = 249, -5*l + 15 = 0. What is the remainder when q is divided by 37?
18
Let d(p) = 2*p**2 + 12*p + 54. Calculate the remainder when d(-14) is divided by 56.
54
Let p be 11/77 - (-463)/(-7). Let h = 125 + p. Calculate the remainder when h is divided by 15.
14
Suppose 2*b + 128 = 10*b. Let z(t) = t**3 - 3*t**2 - 2*t + 2. What is the remainder when z(4) is divided by ((-9)/4)/(((-6)/b)/1)?
4
Let n = 6 - -71. Suppose -4*s - 5*y = -n - 159, -236 = -4*s - y. Calculate the remainder when s is divided by 32.
27
Let w(p) = p**3 + 3*p**2 + 3*p + 7. Let n be w(-2). Suppose -37 = -u - n. Let r(l) = -l**3 - 4*l**2 + l - 3. Calculate the remainder when r(-6) is divided by u.
31
Let v(i) = -i**2 + i + 1. Let l be v(2). Let a(n) = -n**2 + 9*n - 3. What is the remainder when a(5) is divided by (-10)/(18/(-6) - 1/l)?
2
Suppose 3*y + 118 = y. Let o = y - -77. Calculate the remainder when 28 is divided by o.
10
Suppose r - 22 = -3*g + 2*r, 5*r - 4 = -4*g. Suppose 217 + 7 = 8*o. What is the remainder when o is divided by g?
4
Suppose -9*v + 8*v - 33 = -2*w, 2*v = -3*w + 67. What is the remainder when 1403 is divided by w?
16
Suppose 5*k - 217 = -2*x, 2*k - 2*x = 6*k - 174. What is the remainder when 684 is divided by k?
39
Let a(m) = 6*m - 9. Let x(y) = -7*y**2 - 84*y - 40. What is the remainder when x(-11) is divided by a(6)?
10
Let q = -243 - -257. Calculate the remainder when 54 is divided by q.
12
Let x = -13 + 20. Suppose x*c - c = 1326. Calculate the remainder when c is divided by 32.
29
Suppose -16*b - 11*b + 4023 = 0. What is the remainder when b is divided by 133?
16
Suppose 27 = f + b, 0 = -3*f + 2*b + 72 - 11. What is the remainder when f is divided by 6?
5
Let y(r) = 106*r**2 + r. Let d be y(-1). What is the remainder when 42 is divided by (-770)/d*(1/(-2) - 1)?
9
Suppose 31 = 2*u - s, 14*s + 46 = 2*u + 10*s. Calculate the remainder when 75 is divided by u.
10
Let o = 181 + -166. Calculate the remainder when 147 is divided by o.
12
Suppose 3*j - 3*p = -24, -5*p = -2*j - 22 + 3. Let s = j + 19. What is the remainder when (34 - 1)*(0 + 1) is divided by s?
9
Let h = 73 - 37. Suppose 2*i + i - h = 0. Calculate the remainder when 35 is divided by i.
11
Suppose j + 5 = 0, 0*j = -x - j + 24. Let m = 14 + x. What is the remainder when 83 is divided by m?
40
Let b be 4/(-1)*(-3159)/(-108). Let z = -103 - b. Suppose 4*d = 2*d + 52. Calculate the remainder when d is divided by z.
12
What is the remainder when 39 is divided by (-56)/(-4) + 5/15*-3?
0
Suppose 15 = -3*z - 0*z - 4*g, 16 = -4*z - 4*g. Suppose 0 = -8*d + 127 + 153. Calculate the remainder when d is divided by 7 + 0 - (z - 1).
8
Suppose 4*l + 7 = 111. Suppose 2*n + 2*p - 74 = l, n - 53 = -2*p. Calculate the remainder when n is divided by (1*-18)/((-198)/132).
11
Let q = 132 + -62. Calculate the remainder when q is divided by 19.
13
Suppose 5*g - 245 - 320 = 0. Let l be (-4)/(-6)*18/12. Suppose -204 = -7*i - l. What is the remainder when g is divided by i?
26
Calculate the remainder when 34 + (10/(-2) - -7) is divided by 3.
0
Let a = 316 + 21. Calculate the remainder when a is divided by 26.
25
Suppose 0 = -42*r + 15228 + 1740. What is the remainder when r is divided by 9?
8
Let o = 0 + 10. Calculate the remainder when (1*-2)/(40/(-960)) is divided by o.
8
Let l(g) = 2*g + 72. Suppose -2*u + c - 2*c = -36, 0 = -4*u - 3*c + 72. Suppose -p + 3 = -u. What is the remainder when p is divided by l(-30)?
9
Let r = -67 + 29. Let n = r - -137. Calculate the remainder when n is divided by (-1)/1 - -13*2.
24
Let a = -27 + 31. Calculate the remainder when a/18 - 7105/(-63) is divided by 38.
37
Let v be (-1 - 0) + (3 - -71). Suppose 29 + 27 = 2*x + 4*y, 0 = 3*x - 5*y - v. Let q(f) = f**2 + 2*f + 4. What is the remainder when x is divided by q(-3)?
5
Calculate the remainder when (-1)/(-8) - (-89053)/152 is divided by 21.
19
Suppose s - 12*i + 8*i = 1528, -i + 3 = 0. What is the remainder when s is divided by 67?
66
What is the remainder when 31 is divided by ((-16)/(-5))/((-525)/(-125) + -4)?
15
Let s = -34 - -81. Let q = -39 + 51. Calculate the remainder when s is divided by q.
11
Let p(y) = 2*y**2 + 55*y - 468. What is the remainder when 213 is divided by p(-35)?
42
Suppose -13*b - 266 = -721. Calculate the remainder when b is divided by 12.
11
Suppose -19*m - 2 = -20*m. Suppose -w + 5*l + 27 = 0, 0 = -2*w - m*l - 14 + 44. What is the remainder when 100 is divided by w?
15
Suppose -32*v + 324 = -5*v. What is the remainder when 359 is divided by v?
11
Let r = -241 - -238. Let v(i) = 30*i - 2. What is the remainder when v(2) is divided by r - (-62)/20 - (-309)/10?
27
Let w = -36 + 75. Calculate the remainder when 466 is divided by w.
37
Suppose -2*l + 1 + 71 = 0. Let s = 23 + -4. What is the remainder when l is divided by s?
17
Let v(p) = p**3 + p**2 + 25. Calculate the remainder when v(0) is divided by 3 - (9 + -33 + 18).
7
Let c(l) = -11*l - l + 2*l + l**3 + 7*l + 102. What is the remainder when c(0) is divided by 35?
32
Let i = 446 - 381. What is the remainder when i is divided by 52?
13
Let v = 557 + 4. Calculate the remainder when v is divided by 52.
41
Let s = -330 - -336. Calculate the remainder when 41 is divided by s.
5
Let a(h) = 10*h - 6. Let i be a(1). Suppose -d + 84 = i*w + 6, -4*d + 8 = 0. What is the remainder when w is divided by 12?
7
Let u = 27 - 22. Suppose 0 = -3*i + 52*n - 51*n + 95, 0 = -i - 3*n + 25. Calculate the remainder when i is divided by u.
1
Let u = 13 - 15. Let j(c) = -2*c - 2. Let d be j(u). Suppose -32 = -5*i - d. Calculate the remainder when 9 is divided by i.
3
Let a = -269 + 283. What is the remainder when 39 is divided by a?
11
Calculate the remainder when 3267/24 - 9/72 is divided by 70.
66
Let y(q) = q + 91 - 81 - q**3 + 8*q**2 - 10*q. What is the remainder when y(5) is divided by 7?
5
Suppose -5*v + 2 = 7, -2*d + 141 = 3*v. Calculate the remainder when d is divided by 37.
35
Suppose 0 = -2*q + 5*q - u + 51, 2*q + 5*u + 51 = 0. Let r(p) = 3*p**2 + p + 3. Calculate the remainder when r(2) is divided by q/81 + (-83)/(-9).
8
Suppose 4*w = 3*v - 260, -2*w - 88 = 30*v - 31*v. Calculate the remainder when v is divided by 8.
4
Let i(b) = b - 2. Let z be i(-6). Calculate the remainder when 55 is divided by ((-58)/(-3))/((-130)/(-15) + z).
26
Let c = -1528 + 1590. Calculate the remainder when 234 is divided by c.
48
What is the remainder when 74 is divided by -3 + 4 + 18 + 0?
17
Let l = 2221 + -813. What is the remainder when l is divided by 17?
14
Let k be (192/20)/((-6)/(-20)). Suppose k = g - 31. Suppose 0*r = -7*r + 154. Calculate the remainder when g is divided by r.
19
Let j(v) = -v**3 + 7*v**2 - 3*v - 1. Suppose t = 6*t - 25. Let f be j(t). Suppose -f + 2 = -2*u. Calculate the remainder when u is divided by 6.
4
Suppose -14 = 3*m - 47. Let t = 7 + m. Let q = -3 + 8. Calculate the remainder when t is divided by q.
3
Suppose 1322 + 302 = 58*x. Calculate the remainder when 83 is divided by x.
27
Suppose 16*j = 6*j + 80. What is the remainder when 117 is divided by j?
5
Let c = 6 + -2. Let p(w) = -w**3 + 5*w**2 + 2*w - 4. Suppose -63*g + 1565 = -829. Calculate the remainder when g is divided by p(c).
18
Let g be (-5)/(-25) - (-756)/20. Suppose -9*l + g + 97 = 0. Calculate the remainder when l is divided by 6.
3
Let s(x) = 19*x**2 - 2*x + 12. What is the remainder when s(3) is divided by 36?
33
Let f = -14 + 12. Calculate the remain